4 is divided by o?
10
Let v(n) = -1 + 2*n + n**2 + 4 + 0*n**3 - n**3. What is the remainder when v(0) is divided by 3?
0
Suppose 2*x - 36 = 4*j, 0*j - 135 = -5*x + j. Let i(p) = p**2 + 11*p + 11. Let g be i(-9). Let w(f) = -f + 3. What is the remainder when x is divided by w(g)?
8
Suppose 0 = 7*x - 2*x + 4*i - 725, 2*i = -10. What is the remainder when x is divided by 41?
26
Let d(w) = 2*w**2 + 5*w + 8. Let y be d(-8). Let j be (2/4)/(1/y). Suppose 4*c - j - 24 = 0. Calculate the remainder when c is divided by 10.
8
Let o = 6 + -17. Let d(x) = x**3 + 10*x**2 - 10*x + 5. Let a be d(o). Calculate the remainder when 41 is divided by ((-15)/a + 1)*6.
20
Let m = -216 + 417. Suppose 0 = -4*i + m - 45. Calculate the remainder when 153 is divided by i.
36
Let z be 2/((-10)/(-6) - 1). Let r(t) = 4*t**2 + t - 4. Calculate the remainder when r(3) is divided by z/((-12)/(-9) - 1).
8
Let j(q) = q**3 + 13*q**2 + 11*q - 7. Let s be j(-12). Let k = s - 3. What is the remainder when 2 is divided by k?
0
Let j(k) = 8*k + 7. Let d be j(-5). Let n = 45 + d. Calculate the remainder when 57 is divided by n.
9
Let j(b) = 35*b**2 - 12*b + 4. Calculate the remainder when j(-3) is divided by 84.
19
Let q = 73 - 49. Suppose -w + 83 = -q. Calculate the remainder when w is divided by 18.
17
Let f = -8 + 130. What is the remainder when 1093 is divided by f?
117
Suppose -4*d + 2*h + 44 = -d, 5*d - 75 = 5*h. Suppose q = -3*o + 30, d + 16 = 3*o + 3*q. Calculate the remainder when o is divided by 7.
3
Suppose 3*l + 4*h = 1, 5*l - 2 - 19 = 3*h. Suppose -23 = 5*y - 58. What is the remainder when y is divided by l?
1
Let o(k) = -k**2 + 11*k - 3. Let b be (150/(-45))/(1/(-3)). Let y = 34 - 14. Calculate the remainder when y is divided by o(b).
6
Suppose -2*q + 0*q = -l - 8, -3*l + 1 = -q. Suppose c - 4*v - 42 = 0, l*v + 2*v + 168 = 4*c. What is the remainder when c is divided by 22?
20
Let g be (-111)/(-3) + 3 + 0 + 1. Suppose 0 = g*c - 45*c + 24. Calculate the remainder when 8 is divided by c.
2
Let p(y) = 2*y + 48. What is the remainder when 92 is divided by p(-8)?
28
Let p(f) = 13*f + 3. Let u be p(-3). Let l be 20/6*u/(-15). Suppose -x + 5*v - l = 0, v + 53 = 4*x - 2*v. Calculate the remainder when x is divided by 5.
2
Suppose 2*k + 9 = 3*k. Suppose -4*u + 7 + k = 0. Suppose -u*s + 55 + 13 = 3*w, 0 = -3*w + 12. Calculate the remainder when 40 is divided by s.
12
Suppose 9*o = -4*o + 351. What is the remainder when 268 is divided by o?
25
Suppose -g = g - 30. Let z(h) = -h**2 + 51*h - 178. What is the remainder when z(46) is divided by g?
7
Suppose 0*v + 6 = 3*v. Suppose -3*h - 1 = 3*j + v*h, 4*j + 2*h + 6 = 0. Let c(n) = -n**3 + n**2 - 2*n - 1. What is the remainder when 29 is divided by c(j)?
14
Calculate the remainder when -4*(-21)/(-28) + 279 is divided by 31.
28
Let n be (-4)/12*-3*5. Suppose 9*d - 4*d = -2*w + 45, 45 = 4*w - n*d. What is the remainder when 65 is divided by (w/10)/(9/132)?
21
Suppose 24*p - 19*p = -c + 35, 11 = p + c. Calculate the remainder when p is divided by 2.
0
Suppose -t = -2*t + 11. Let q = t + -3. Let x = -22 - -44. What is the remainder when x is divided by q?
6
Let f(v) = 10*v - 72. Suppose 0 = -15*n + 6*n + 2511. What is the remainder when n is divided by f(10)?
27
What is the remainder when 293 is divided by -13 + 10 - 1*2 - -42?
34
Let a = 42 - 24. Let g = -1071 + 1082. Calculate the remainder when a is divided by g.
7
Suppose 12*y - 990 = 2*y. What is the remainder when 202 is divided by y?
4
Suppose -s + 2*s - 88 = 3*g, 4*s = 5*g + 345. What is the remainder when s is divided by 13?
7
Suppose 2*a - a = -2. Let o be a/(-7) + 3000/84. What is the remainder when 18 is divided by 372/o + 1/(-3)?
8
Let w = -133 + 123. Let j(d) = d**3 + 13*d**2 + 25*d + 9. What is the remainder when j(w) is divided by 20?
19
Let f(v) = 2*v + 18. Let s be f(-9). Let p(j) = -j**3 + 5*j**2 + 9*j - 9. Calculate the remainder when p(6) is divided by (s + (-3)/2)*(-60)/18.
4
Calculate the remainder when (7/(-2))/(70/(-1540)) is divided by 10.
7
Let n(s) = -2*s - 4. Let b be n(-7). Suppose -607 = -2*o + 201. What is the remainder when o/b - (-8)/(-20) is divided by 14?
12
Let s(k) = -k**2 + 13*k + 3. Let x be 17 + (1 - 1 - 4). Let o be s(x). What is the remainder when 42 is divided by o + -5 + -2 - -15?
9
Let n = -1429 - -1443. Let a = 52 - -15. What is the remainder when a is divided by n?
11
Suppose -69 - 17 = -43*r. Let g(v) = v**2 - v - 1. Let f(m) = m**2 + 4*m - 6. Let l(x) = -f(x) + 2*g(x). Calculate the remainder when l(6) is divided by r.
0
Let g = -15 + 19. Suppose 0 = h - 4*h + 4*p + 82, -g*h + 3*p + 107 = 0. Calculate the remainder when h is divided by 14.
12
Suppose g - 1 = 5. Let c be 6/5*15/g. Suppose 34 + 128 = c*x - 5*n, -3*x + 2*n + 153 = 0. Calculate the remainder when x is divided by 17.
15
Let u(x) = 9*x**2 - 69*x + 8. What is the remainder when 100 is divided by u(8)?
4
Suppose 0 = 2*z - 4*l + 16, -l = -5*z - 3*l + 20. Let t = 25 + z. Let k(x) = -8*x**2 + 62*x - 5. What is the remainder when k(6) is divided by t?
25
Suppose 0 = -4*o - 10 + 86. Let a be ((-3)/(-9))/((-2)/(-24)). Suppose a*r - 35 = -r. Calculate the remainder when o is divided by r.
5
Let s be ((2 - -1) + -2)/((-7)/7). Calculate the remainder when 33/2*(s + 49/21) is divided by 13.
9
What is the remainder when (-4046)/(-30) + (-48)/(-360) is divided by 108?
27
Let m(r) = -r**2 + 12*r - 25. Let k = -53 - -91. Calculate the remainder when k is divided by m(6).
5
Calculate the remainder when 296 is divided by (-14)/(-21)*2/(4/33).
10
Let c(b) = -b**3 + b**2 - b + 1. Let o be c(1). Let f = o - -15. Suppose p - 6 = -3*l, 5*p - 27 - f = -3*l. Calculate the remainder when p is divided by 6.
3
Calculate the remainder when 96/12 + (-38)/(-2) is divided by 7.
6
Suppose 5*n + 0*n + 70 = 0. Let x = n - -101. What is the remainder when x is divided by 11?
10
Let l(q) = 6*q - 4. Let v be l(1). Suppose v*y + 4 = 14. What is the remainder when 6 is divided by y?
1
Suppose -84 = 6*l - 12*l. What is the remainder when 46 is divided by l?
4
Let q = -169 - -184. What is the remainder when 295 is divided by q?
10
Suppose 4*q = 169 - 41. Suppose -4*b = -4, -q = -4*g - 3*b - b. What is the remainder when 45 is divided by (-7)/(49/(-12))*g?
9
Let q(b) = 2*b - 10. Let h be q(7). Let g = h - 1. Let t(f) = f**3 - 21*f**2 - 50*f + 97. Calculate the remainder when t(23) is divided by g.
2
Let f = 22 + -8. What is the remainder when (1 - -105)/(0 - -2) is divided by f?
11
Suppose 2*u - 208 = -2*c, 13*c - 426 = -4*u + 11*c. Calculate the remainder when u is divided by 13.
5
Suppose 3*u = 8 + 13. Let q(i) = i**3 - 7*i**2 + 5*i + 5. Let w(g) = g**2 + g + 2. Calculate the remainder when q(u) is divided by w(-4).
12
Let f(l) = -511 + 2*l + 505 - 4*l**2 + 0*l**3 - 2*l**3. Calculate the remainder when f(-4) is divided by 29.
21
Let c(p) = p + 3. Let m be c(2). Suppose -m*k + 51 = 3*a - 6*a, -k = -3*a - 15. Calculate the remainder when 51 is divided by k.
6
Let u = 23 + -13. Calculate the remainder when 18 is divided by (-2 + (u - 6))*(-7)/(-2).
4
Suppose 74*b - 75*b = -86. Calculate the remainder when b is divided by 15.
11
Let u = -216 + 245. Calculate the remainder when u is divided by 24.
5
Let k be -1 + (-72)/3 - -1. Let q = k + 64. Let a = 55 - 41. What is the remainder when q is divided by a?
12
Let l be ((-2)/(-1))/(10/70). Let c = 16 - l. Suppose c*t - 20 - 32 = 0. Calculate the remainder when t is divided by 7.
5
Suppose -8*f - 5*t + 112 = -4*f, 0 = 5*f - t - 140. What is the remainder when f is divided by 4?
0
Suppose 13*n + 264 = 19*n. What is the remainder when 349 is divided by n?
41
Calculate the remainder when 55 is divided by 473/44 - -3*(-2)/8.
5
Let s = 31 - 56. Let g = 40 + s. Suppose 0 = -4*q - q + 45. Calculate the remainder when g is divided by q.
6
Suppose -2*b - 3*m = -160, -67 = -2*b + 3*m + 69. Calculate the remainder when b is divided by 38.
36
Let t be (-114)/(-10) - 4/10. Suppose -10*w - 27 = -t*w. Calculate the remainder when 80 is divided by w.
26
Suppose -4*v = -f - 0*v + 45, -3*v + 3 = 0. Let q = -184 - -210. Calculate the remainder when f is divided by q.
23
Let v(d) be the first derivative of d**4/4 - 7*d**3/3 + 3*d**2 + 6*d - 4. Calculate the remainder when v(6) is divided by (2/1